{"id":27,"date":"2023-02-06T16:01:10","date_gmt":"2023-02-06T15:01:10","guid":{"rendered":"http:\/\/bobservices.fr\/?page_id=27"},"modified":"2026-04-04T16:30:03","modified_gmt":"2026-04-04T14:30:03","slug":"mes-prestatations","status":"publish","type":"page","link":"https:\/\/bobservices.fr\/index.php\/mes-prestatations\/","title":{"rendered":"Nos prestations"},"content":{"rendered":"\n<h3 class=\"wp-block-heading\">BRICOLAGE<\/h3>\n\n\n\n<p>La grande famille du bricolage comprend l&rsquo;am\u00e9nagement, la r\u00e9novation ainsi que les petits travaux d&rsquo;\u00e9lectricit\u00e9, plomberie, etc&#8230;<\/p>\n\n\n\n<p>Il peut \u00e9galement s&rsquo;agir du montage de mobilier ou plus globalement, d&rsquo;am\u00e9nagement de vos espaces.<\/p>\n\n\n\n<figure class=\"wp-block-image size-large\"><img loading=\"lazy\" decoding=\"async\" width=\"1024\" height=\"683\" src=\"http:\/\/bobservices.fr\/wp-content\/uploads\/2023\/02\/jo-szczepanska-9OKGEVJiTKk-unsplash-1024x683.jpg\" alt=\"\" class=\"wp-image-71\" srcset=\"https:\/\/bobservices.fr\/wp-content\/uploads\/2023\/02\/jo-szczepanska-9OKGEVJiTKk-unsplash-1024x683.jpg 1024w, https:\/\/bobservices.fr\/wp-content\/uploads\/2023\/02\/jo-szczepanska-9OKGEVJiTKk-unsplash-300x200.jpg 300w, https:\/\/bobservices.fr\/wp-content\/uploads\/2023\/02\/jo-szczepanska-9OKGEVJiTKk-unsplash-768x512.jpg 768w, https:\/\/bobservices.fr\/wp-content\/uploads\/2023\/02\/jo-szczepanska-9OKGEVJiTKk-unsplash-1536x1024.jpg 1536w, https:\/\/bobservices.fr\/wp-content\/uploads\/2023\/02\/jo-szczepanska-9OKGEVJiTKk-unsplash-2048x1365.jpg 2048w\" sizes=\"auto, (max-width: 767px) 89vw, (max-width: 1000px) 54vw, (max-width: 1071px) 543px, 580px\" \/><\/figure>\n\n\n\n<h3 class=\"wp-block-heading\">ENTRETIEN EXT\u00c9RIEUR<\/h3>\n\n\n\n<p>Je m&rsquo;occupe \u00e9galement d&rsquo;entretenir vos espaces verts, qu&rsquo;il s&rsquo;agisse de nettoyage haute pression, tonte, taille de haies ou encore ramassage de feuilles par exemple.<\/p>\n\n\n\n<figure class=\"wp-block-gallery has-nested-images columns-default is-cropped wp-block-gallery-1 is-layout-flex wp-block-gallery-is-layout-flex\">\n<figure class=\"wp-block-image size-large\"><img loading=\"lazy\" decoding=\"async\" width=\"1024\" height=\"752\" data-id=\"72\" src=\"https:\/\/bobservices.fr\/wp-content\/uploads\/2023\/02\/boris-debusscher-9Rtp9uvTs3Q-unsplash-1024x752.jpg\" alt=\"\" class=\"wp-image-72\" srcset=\"https:\/\/bobservices.fr\/wp-content\/uploads\/2023\/02\/boris-debusscher-9Rtp9uvTs3Q-unsplash-1024x752.jpg 1024w, https:\/\/bobservices.fr\/wp-content\/uploads\/2023\/02\/boris-debusscher-9Rtp9uvTs3Q-unsplash-300x220.jpg 300w, https:\/\/bobservices.fr\/wp-content\/uploads\/2023\/02\/boris-debusscher-9Rtp9uvTs3Q-unsplash-768x564.jpg 768w, https:\/\/bobservices.fr\/wp-content\/uploads\/2023\/02\/boris-debusscher-9Rtp9uvTs3Q-unsplash-1536x1128.jpg 1536w, https:\/\/bobservices.fr\/wp-content\/uploads\/2023\/02\/boris-debusscher-9Rtp9uvTs3Q-unsplash-2048x1504.jpg 2048w\" sizes=\"auto, (max-width: 767px) 89vw, (max-width: 1000px) 54vw, (max-width: 1071px) 543px, 580px\" \/><\/figure>\n<\/figure>\n\n\n\n<h3 class=\"wp-block-heading\">GARDIENNAGE<\/h3>\n\n\n\n<p>Durant vos absences, je m&rsquo;occupe des t\u00e2ches que vous n&rsquo;\u00eates pas en mesure d&rsquo;effectuer : rel\u00e8ve de courrier, arrosage de plantes, nourrissage des animaux,  entretien basique de piscine et pr\u00e9paration \u00e0 votre retour.<\/p>\n\n\n\n<figure class=\"wp-block-image size-large\"><img loading=\"lazy\" decoding=\"async\" width=\"1024\" height=\"806\" src=\"https:\/\/bobservices.fr\/wp-content\/uploads\/2023\/02\/matt-jones-xpDHTc-pkog-unsplash-1024x806.jpg\" alt=\"\" class=\"wp-image-73\" srcset=\"https:\/\/bobservices.fr\/wp-content\/uploads\/2023\/02\/matt-jones-xpDHTc-pkog-unsplash-1024x806.jpg 1024w, https:\/\/bobservices.fr\/wp-content\/uploads\/2023\/02\/matt-jones-xpDHTc-pkog-unsplash-300x236.jpg 300w, https:\/\/bobservices.fr\/wp-content\/uploads\/2023\/02\/matt-jones-xpDHTc-pkog-unsplash-768x605.jpg 768w, https:\/\/bobservices.fr\/wp-content\/uploads\/2023\/02\/matt-jones-xpDHTc-pkog-unsplash-1536x1210.jpg 1536w, https:\/\/bobservices.fr\/wp-content\/uploads\/2023\/02\/matt-jones-xpDHTc-pkog-unsplash-2048x1613.jpg 2048w\" sizes=\"auto, (max-width: 767px) 89vw, (max-width: 1000px) 54vw, (max-width: 1071px) 543px, 580px\" \/><\/figure>\n\n\n\n<h3 class=\"wp-block-heading\">AIDE \u00c0 DOMICILE<\/h3>\n\n\n\n<p>Il peut \u00eatre utile d&rsquo;avoir recours \u00e0 une aide \u00e0 domicile dans le cas d&rsquo;une immobilisation provisoire ou encore, afin d&rsquo;all\u00e9ger le quotidien de vos proches diminu\u00e9s. Pour cela, je vous propose la livraison \u00e0 domicile de vos courses ou l&rsquo;accompagnement pour faire vos courses, aller en balade et vous rendre \u00e0 vos RDV m\u00e9dicaux et l&rsquo;assistance \u00e0 l&rsquo;installation\/l&rsquo;utilisation basique de vos outils informatiques&#8230;<\/p>\n\n\n\n<figure class=\"wp-block-image size-large\"><img loading=\"lazy\" decoding=\"async\" width=\"1024\" height=\"683\" src=\"https:\/\/bobservices.fr\/wp-content\/uploads\/2023\/02\/jem-sahagun-O33vBPD6hAw-unsplash-1024x683.jpg\" alt=\"\" class=\"wp-image-74\" srcset=\"https:\/\/bobservices.fr\/wp-content\/uploads\/2023\/02\/jem-sahagun-O33vBPD6hAw-unsplash-1024x683.jpg 1024w, https:\/\/bobservices.fr\/wp-content\/uploads\/2023\/02\/jem-sahagun-O33vBPD6hAw-unsplash-300x200.jpg 300w, https:\/\/bobservices.fr\/wp-content\/uploads\/2023\/02\/jem-sahagun-O33vBPD6hAw-unsplash-768x512.jpg 768w, https:\/\/bobservices.fr\/wp-content\/uploads\/2023\/02\/jem-sahagun-O33vBPD6hAw-unsplash-1536x1024.jpg 1536w, https:\/\/bobservices.fr\/wp-content\/uploads\/2023\/02\/jem-sahagun-O33vBPD6hAw-unsplash-2048x1365.jpg 2048w\" sizes=\"auto, (max-width: 767px) 89vw, (max-width: 1000px) 54vw, (max-width: 1071px) 543px, 580px\" \/><\/figure>\n\n\n\n<p><\/p>\n\n\n\n<p class=\"has-medium-font-size\">LAVAGE DES VITRES<\/p>\n\n\n\n<p>Baie vitr\u00e9e, porte, v\u00e9randa, velux, hublot ou fen\u00eatre, tous ces \u00e9l\u00e9ments ont un point commun, ils sont vitr\u00e9es. S&rsquo;il devient compliqu\u00e9 pour vous d&rsquo;accomplir cette t\u00e2che m\u00e9nag\u00e8re \u00ab\u00a0ingrate\u00a0\u00bb, elle est pourtant essentielle pour se sentir bien chez soi,  je vous propose de le faire pour vous.<\/p>\n\n\n\n<figure class=\"wp-block-image size-full\"><img loading=\"lazy\" decoding=\"async\" width=\"700\" height=\"393\" src=\"https:\/\/bobservices.fr\/wp-content\/uploads\/2023\/11\/image.png\" alt=\"\" class=\"wp-image-101\" srcset=\"https:\/\/bobservices.fr\/wp-content\/uploads\/2023\/11\/image.png 700w, https:\/\/bobservices.fr\/wp-content\/uploads\/2023\/11\/image-300x168.png 300w\" sizes=\"auto, (max-width: 700px) 100vw, 700px\" \/><\/figure>\n\n\n\n<h2 class=\"wp-block-heading\">AIDE AU MENAGE ET AU REPASSAGE<\/h2>\n\n\n\n<p>Vous avez besoin d&rsquo;aide pour du M\u00e9nage et\/ou du repassage ponctuel ou r\u00e9gulier \u00e0 domicile pour un int\u00e9rieur propre, confiez nous vos t\u00e2ches. Nos aides m\u00e9nag\u00e8res sont soigneusement s\u00e9lectionn\u00e9es, pour vous, quand vous en avez besoin !<\/p>\n\n\n\n<figure class=\"wp-block-image size-large\"><img loading=\"lazy\" decoding=\"async\" width=\"1024\" height=\"682\" src=\"https:\/\/bobservices.fr\/wp-content\/uploads\/2025\/03\/image-1024x682.png\" alt=\"\" class=\"wp-image-118\" srcset=\"https:\/\/bobservices.fr\/wp-content\/uploads\/2025\/03\/image-1024x682.png 1024w, https:\/\/bobservices.fr\/wp-content\/uploads\/2025\/03\/image-300x200.png 300w, https:\/\/bobservices.fr\/wp-content\/uploads\/2025\/03\/image-768x512.png 768w, https:\/\/bobservices.fr\/wp-content\/uploads\/2025\/03\/image-1536x1023.png 1536w, https:\/\/bobservices.fr\/wp-content\/uploads\/2025\/03\/image.png 1600w\" sizes=\"auto, (max-width: 767px) 89vw, (max-width: 1000px) 54vw, (max-width: 1071px) 543px, 580px\" \/><\/figure>\n\n\n\n<p><\/p>\n\n\n\n<p>NETTOYAGE DE CANAPE<\/p>\n\n\n\n<p>Votre canap\u00e9 est la pi\u00e8ce ma\u00eetresse de votre salon, mais c&rsquo;est aussi le meuble le plus expos\u00e9 aux al\u00e9as du quotidien, un simple passage d&rsquo;aspirateur ne suffit plus \u00e0 garantir une hygi\u00e8ne irr\u00e9prochable. Nous vous proposons notre service de nettoyage de canap\u00e9, tapis et matelas \u00e0 l&rsquo;aide d&rsquo;une shampouineuse professionnelle.<\/p>\n\n\n\n<figure class=\"wp-block-image size-full\"><img loading=\"lazy\" decoding=\"async\" width=\"900\" height=\"500\" src=\"https:\/\/bobservices.fr\/wp-content\/uploads\/2026\/04\/image.png\" alt=\"\" class=\"wp-image-179\" srcset=\"https:\/\/bobservices.fr\/wp-content\/uploads\/2026\/04\/image.png 900w, https:\/\/bobservices.fr\/wp-content\/uploads\/2026\/04\/image-300x167.png 300w, https:\/\/bobservices.fr\/wp-content\/uploads\/2026\/04\/image-768x427.png 768w\" sizes=\"auto, (max-width: 767px) 89vw, (max-width: 1000px) 54vw, (max-width: 1071px) 543px, 580px\" \/><\/figure>\n\n\n\n<h2 class=\"wp-block-heading\">AUTRES SERVICES<\/h2>\n\n\n\n<p>Plus globalement, n&rsquo;h\u00e9sitez pas \u00e0 me contacter en ce qui concerne vos petits travaux du quotidien, vos d\u00e9placements n\u00e9cessitant un accompagnateur et l&rsquo;entretien de vos espaces. <\/p>\n\n\n\n<p><\/p>\n","protected":false},"excerpt":{"rendered":"<p>BRICOLAGE La grande famille du bricolage comprend l&rsquo;am\u00e9nagement, la r\u00e9novation ainsi que les petits travaux d&rsquo;\u00e9lectricit\u00e9, plomberie, etc&#8230; Il peut \u00e9galement s&rsquo;agir du montage de mobilier ou plus globalement, d&rsquo;am\u00e9nagement de vos espaces. ENTRETIEN EXT\u00c9RIEUR Je m&rsquo;occupe \u00e9galement d&rsquo;entretenir vos espaces verts, qu&rsquo;il s&rsquo;agisse de nettoyage haute pression, tonte, taille de haies ou encore ramassage &hellip; <\/p>\n<p class=\"link-more\"><a href=\"https:\/\/bobservices.fr\/index.php\/mes-prestatations\/\" class=\"more-link\">Continuer la lecture<span class=\"screen-reader-text\"> de &laquo;&nbsp;Nos prestations&nbsp;&raquo;<\/span><\/a><\/p>\n","protected":false},"author":1,"featured_media":0,"parent":0,"menu_order":0,"comment_status":"closed","ping_status":"closed","template":"","meta":{"footnotes":""},"class_list":["post-27","page","type-page","status-publish","hentry"],"_links":{"self":[{"href":"https:\/\/bobservices.fr\/index.php\/wp-json\/wp\/v2\/pages\/27","targetHints":{"allow":["GET"]}}],"collection":[{"href":"https:\/\/bobservices.fr\/index.php\/wp-json\/wp\/v2\/pages"}],"about":[{"href":"https:\/\/bobservices.fr\/index.php\/wp-json\/wp\/v2\/types\/page"}],"author":[{"embeddable":true,"href":"https:\/\/bobservices.fr\/index.php\/wp-json\/wp\/v2\/users\/1"}],"replies":[{"embeddable":true,"href":"https:\/\/bobservices.fr\/index.php\/wp-json\/wp\/v2\/comments?post=27"}],"version-history":[{"count":9,"href":"https:\/\/bobservices.fr\/index.php\/wp-json\/wp\/v2\/pages\/27\/revisions"}],"predecessor-version":[{"id":180,"href":"https:\/\/bobservices.fr\/index.php\/wp-json\/wp\/v2\/pages\/27\/revisions\/180"}],"wp:attachment":[{"href":"https:\/\/bobservices.fr\/index.php\/wp-json\/wp\/v2\/media?parent=27"}],"curies":[{"name":"wp","href":"https:\/\/api.w.org\/{rel}","templated":true}]}}